{"id":2899,"date":"2019-06-27T15:21:08","date_gmt":"2019-06-27T15:21:08","guid":{"rendered":"https:\/\/www.eventi.es\/blog\/?post_type=event&#038;p=2899"},"modified":"2019-07-15T08:37:35","modified_gmt":"2019-07-15T08:37:35","slug":"noite-no-mosteiro-do-couto","status":"publish","type":"event","link":"https:\/\/www.eventi.es\/eventos\/event\/noite-no-mosteiro-do-couto\/","title":{"rendered":"Noite no Mosteiro do Couto"},"content":{"rendered":"<p>Vuelve nuestra producci\u00f3n <strong>Noite no Mosteiro<\/strong>, una de las propuestas de nuestras Noites en Galicia. En esta ocasi\u00f3n ser\u00e1 en el Monasterio de O Couto, en Nar\u00f3n, y viene con los \u00faltimos cambios que hemos implementado en el formato: la <strong>iluminaci\u00f3n interior<\/strong> y la performance de las <strong>Hadas Eventi<\/strong>.<\/p>\n<p>Y adem\u00e1s, con una gran estrella invitada: Bleuenn Le Friec, desde la Breta\u00f1a francesa.<\/p>\n","protected":false},"excerpt":{"rendered":"<p>Vuelve nuestra producci\u00f3n Noite no Mosteiro, una de las propuestas de nuestras Noites en Galicia. En esta ocasi\u00f3n ser\u00e1 en el Monasterio de O Couto, en Nar\u00f3n, y viene con los \u00faltimos cambios que hemos implementado en el formato: la iluminaci\u00f3n interior y la performance de las Hadas Eventi. Y adem\u00e1s, con una gran estrella invitada: Bleuenn Le Friec, desde la Breta\u00f1a francesa.<\/p>\n","protected":false},"author":1,"featured_media":2894,"comment_status":"open","ping_status":"closed","template":"","meta":{"_themeisle_gutenberg_block_has_review":false,"footnotes":""},"eventcat":[50],"organizer":[152,277],"event_tags":[48,64,85,71,95,70,61],"location":[145],"class_list":["post-2899","event","type-event","status-publish","has-post-thumbnail","hentry","eventcat-turismo","organizer-eventi","organizer-concello-de-naron","event_tags-eventos","event_tags-festivales","event_tags-hadas-eventi","event_tags-musica","event_tags-noite-no-mosteiro","event_tags-ocio-nocturno","event_tags-turismo","location-naron"],"_links":{"self":[{"href":"https:\/\/www.eventi.es\/eventos\/wp-json\/wp\/v2\/event\/2899","targetHints":{"allow":["GET"]}}],"collection":[{"href":"https:\/\/www.eventi.es\/eventos\/wp-json\/wp\/v2\/event"}],"about":[{"href":"https:\/\/www.eventi.es\/eventos\/wp-json\/wp\/v2\/types\/event"}],"author":[{"embeddable":true,"href":"https:\/\/www.eventi.es\/eventos\/wp-json\/wp\/v2\/users\/1"}],"replies":[{"embeddable":true,"href":"https:\/\/www.eventi.es\/eventos\/wp-json\/wp\/v2\/comments?post=2899"}],"version-history":[{"count":1,"href":"https:\/\/www.eventi.es\/eventos\/wp-json\/wp\/v2\/event\/2899\/revisions"}],"predecessor-version":[{"id":2903,"href":"https:\/\/www.eventi.es\/eventos\/wp-json\/wp\/v2\/event\/2899\/revisions\/2903"}],"wp:featuredmedia":[{"embeddable":true,"href":"https:\/\/www.eventi.es\/eventos\/wp-json\/wp\/v2\/media\/2894"}],"wp:attachment":[{"href":"https:\/\/www.eventi.es\/eventos\/wp-json\/wp\/v2\/media?parent=2899"}],"wp:term":[{"taxonomy":"eventcat","embeddable":true,"href":"https:\/\/www.eventi.es\/eventos\/wp-json\/wp\/v2\/eventcat?post=2899"},{"taxonomy":"organizer","embeddable":true,"href":"https:\/\/www.eventi.es\/eventos\/wp-json\/wp\/v2\/organizer?post=2899"},{"taxonomy":"event_tags","embeddable":true,"href":"https:\/\/www.eventi.es\/eventos\/wp-json\/wp\/v2\/event_tags?post=2899"},{"taxonomy":"location","embeddable":true,"href":"https:\/\/www.eventi.es\/eventos\/wp-json\/wp\/v2\/location?post=2899"}],"curies":[{"name":"wp","href":"https:\/\/api.w.org\/{rel}","templated":true}]}}

<p>Vuelve nuestra producción <strong>Noite no Mosteiro</strong>, una de las propuestas de nuestras Noites en Galicia. En esta ocasión será en el Monasterio de O Couto, en Narón, y viene con los últimos cambios que hemos implementado en el formato: la <strong>iluminación interior</strong> y la performance de las <strong>Hadas Eventi</strong>.</p>
<p>Y además, con una gran estrella invitada: Bleuenn Le Friec, desde la Bretaña francesa.</p>

<p>Vuelve nuestra producción Noite no Mosteiro, una de las propuestas de nuestras Noites en Galicia. En esta ocasión será en el Monasterio de O Couto, en Narón, y viene con los últimos cambios que hemos implementado en el formato: la iluminación interior y la performance de las Hadas Eventi. Y además, con una gran estrella invitada: Bleuenn Le Friec, desde la Bretaña francesa.</p>
