{"id":4686,"date":"2022-06-08T18:00:32","date_gmt":"2022-06-08T18:00:32","guid":{"rendered":"https:\/\/www.eventi.es\/eventos\/?post_type=event&#038;p=4686"},"modified":"2022-08-13T11:23:47","modified_gmt":"2022-08-13T11:23:47","slug":"noite-no-mosteiro-de-caaveiro-2","status":"publish","type":"event","link":"https:\/\/www.eventi.es\/eventos\/event\/noite-no-mosteiro-de-caaveiro-2\/","title":{"rendered":"Noite no mosteiro de Caaveiro"},"content":{"rendered":"\n<p>25 xu\u00f1o 2022<\/p>\n\n\n\n<p>Mosteiro de Caaveiro, A Capela<\/p>\n\n\n\n<div class=\"alert alert-primary\" role=\"alert\">\n<h4 class=\"alert-heading\">MOI IMPORTANTE!<\/h4>\n<p><img decoding=\"async\" class=\"size-medium wp-image-6366 alignleft\" src=\"https:\/\/concellodacapela.es\/wp-content\/uploads\/2022\/06\/sendeiro-225x300.jpg\" alt=\"sendero por las fragas del Eume\">Nin o Concello da Capela, organizador do evento, nin EVENTI, promotora do mesmo, te\u00f1en competencias nin responsabilidade sobre os accesos ao mosteiro de Caaveiro pola marxe esquerda do r\u00edo Eume (Pontedeume ou Monfero).<\/p>\n<hr>\n<p class=\"mb-0\">Como cortes\u00eda aos asistentes, o Concello da Capela ofrecer\u00e1 servizo gratuito de autob\u00fas <b>por A Capela<\/b>. O traslado farase dende o Concello ata a entrada do denominado Cami\u00f1o Novo, e retorno. Os buses sair\u00e1n do Concello \u00e1s 19:00h e \u00e1 volta, do Cami\u00f1o Novo \u00e1s 01:00h aproximadamente. <strong>\u00c9 imprescindible reservar praza e amosar a reserva ao conductor tanto \u00e1 ida como \u00e1 volta.<\/strong><br>Dende a entrada do cami\u00f1o novo, o resto do traxecto deber\u00e1 facerse a pe. \u00c9 un treito dun 3 kms por cami\u00f1o de zahorra, e aproximadamente 200 metros finais por sendeiro como o da imaxe, con subidas e baixadas. <strong>Recomendamos levar calzado e roupa apropiados para cami\u00f1ar por sendeiro de monte, e levar lanterna para o regreso.<\/strong><\/p>\n<\/div>\n\n\n\n<div class=\"wp-block-buttons is-horizontal is-content-justification-center is-layout-flex wp-container-core-buttons-is-layout-1 wp-block-buttons-is-layout-flex\">\n<div class=\"wp-block-button\"><a class=\"wp-block-button__link has-vivid-red-background-color has-background\" href=\"https:\/\/www.eventi.es\/eventos\/reserva-de-praza-para-o-bus-lanzadeira-que-vai-por-a-capela-para-a-noite-no-mosteiro-de-caaveiro\/\" style=\"border-radius:7px\">Reservar plaza en los buses lanzadera  por A Capela<\/a><\/div>\n<\/div>\n","protected":false},"excerpt":{"rendered":"<p>Vuelve la noche m\u00e1gica al monasterio de Caaveiro.<\/p>\n<p>El evento \u201cNoite no Mosteiro\u201d tiene como objetivo poner en valor el principal recurso tur\u00edstico del ayuntamiento de A Capela: el monasterio de Caaveiro, as\u00ed como fomentar y dar a conocer la cultura y tradiciones populares de este municipio.<\/p>\n","protected":false},"author":1,"featured_media":4729,"comment_status":"open","ping_status":"closed","template":"","meta":{"_themeisle_gutenberg_block_has_review":false,"footnotes":""},"eventcat":[109,110,50],"organizer":[284,285,152],"event_tags":[425,101,48,64,85,424,423,71,66,95,70,61],"location":[146],"class_list":["post-4686","event","type-event","status-publish","has-post-thumbnail","hentry","eventcat-cultura","eventcat-ocio-nocturno","eventcat-turismo","organizer-concello-da-capela","organizer-diputacion-da-coruna","organizer-eventi","event_tags-a-capela","event_tags-cultura","event_tags-eventos","event_tags-festivales","event_tags-hadas-eventi","event_tags-iluminacion-de-caaveiro","event_tags-monasterio-de-caaveiro","event_tags-musica","event_tags-naturaleza","event_tags-noite-no-mosteiro","event_tags-ocio-nocturno","event_tags-turismo","location-a-capela"],"_links":{"self":[{"href":"https:\/\/www.eventi.es\/eventos\/wp-json\/wp\/v2\/event\/4686","targetHints":{"allow":["GET"]}}],"collection":[{"href":"https:\/\/www.eventi.es\/eventos\/wp-json\/wp\/v2\/event"}],"about":[{"href":"https:\/\/www.eventi.es\/eventos\/wp-json\/wp\/v2\/types\/event"}],"author":[{"embeddable":true,"href":"https:\/\/www.eventi.es\/eventos\/wp-json\/wp\/v2\/users\/1"}],"replies":[{"embeddable":true,"href":"https:\/\/www.eventi.es\/eventos\/wp-json\/wp\/v2\/comments?post=4686"}],"version-history":[{"count":6,"href":"https:\/\/www.eventi.es\/eventos\/wp-json\/wp\/v2\/event\/4686\/revisions"}],"predecessor-version":[{"id":4740,"href":"https:\/\/www.eventi.es\/eventos\/wp-json\/wp\/v2\/event\/4686\/revisions\/4740"}],"wp:featuredmedia":[{"embeddable":true,"href":"https:\/\/www.eventi.es\/eventos\/wp-json\/wp\/v2\/media\/4729"}],"wp:attachment":[{"href":"https:\/\/www.eventi.es\/eventos\/wp-json\/wp\/v2\/media?parent=4686"}],"wp:term":[{"taxonomy":"eventcat","embeddable":true,"href":"https:\/\/www.eventi.es\/eventos\/wp-json\/wp\/v2\/eventcat?post=4686"},{"taxonomy":"organizer","embeddable":true,"href":"https:\/\/www.eventi.es\/eventos\/wp-json\/wp\/v2\/organizer?post=4686"},{"taxonomy":"event_tags","embeddable":true,"href":"https:\/\/www.eventi.es\/eventos\/wp-json\/wp\/v2\/event_tags?post=4686"},{"taxonomy":"location","embeddable":true,"href":"https:\/\/www.eventi.es\/eventos\/wp-json\/wp\/v2\/location?post=4686"}],"curies":[{"name":"wp","href":"https:\/\/api.w.org\/{rel}","templated":true}]}}

<p>25 xuño 2022</p>



<p>Mosteiro de Caaveiro, A Capela</p>



<div class="alert alert-primary" role="alert">
<h4 class="alert-heading">MOI IMPORTANTE!</h4>
<p><img decoding="async" class="size-medium wp-image-6366 alignleft" src="https://concellodacapela.es/wp-content/uploads/2022/06/sendeiro-225x300.jpg" alt="sendero por las fragas del Eume">Nin o Concello da Capela, organizador do evento, nin EVENTI, promotora do mesmo, teñen competencias nin responsabilidade sobre os accesos ao mosteiro de Caaveiro pola marxe esquerda do río Eume (Pontedeume ou Monfero).</p>
<hr>
<p class="mb-0">Como cortesía aos asistentes, o Concello da Capela ofrecerá servizo gratuito de autobús <b>por A Capela</b>. O traslado farase dende o Concello ata a entrada do denominado Camiño Novo, e retorno. Os buses sairán do Concello ás 19:00h e á volta, do Camiño Novo ás 01:00h aproximadamente. <strong>É imprescindible reservar praza e amosar a reserva ao conductor tanto á ida como á volta.</strong><br>Dende a entrada do camiño novo, o resto do traxecto deberá facerse a pe. É un treito dun 3 kms por camiño de zahorra, e aproximadamente 200 metros finais por sendeiro como o da imaxe, con subidas e baixadas. <strong>Recomendamos levar calzado e roupa apropiados para camiñar por sendeiro de monte, e levar lanterna para o regreso.</strong></p>
</div>



<div class="wp-block-buttons is-horizontal is-content-justification-center is-layout-flex wp-container-core-buttons-is-layout-1 wp-block-buttons-is-layout-flex">
<div class="wp-block-button"><a class="wp-block-button__link has-vivid-red-background-color has-background" href="https://www.eventi.es/eventos/reserva-de-praza-para-o-bus-lanzadeira-que-vai-por-a-capela-para-a-noite-no-mosteiro-de-caaveiro/" style="border-radius:7px">Reservar plaza en los buses lanzadera  por A Capela</a></div>
</div>

<p>Vuelve la noche mágica al monasterio de Caaveiro.</p>
<p>El evento “Noite no Mosteiro” tiene como objetivo poner en valor el principal recurso turístico del ayuntamiento de A Capela: el monasterio de Caaveiro, así como fomentar y dar a conocer la cultura y tradiciones populares de este municipio.</p>
