{"id":4790,"date":"2022-07-14T11:13:43","date_gmt":"2022-07-14T11:13:43","guid":{"rendered":"https:\/\/www.eventi.es\/eventos\/?post_type=event&#038;p=4790"},"modified":"2022-08-19T08:11:26","modified_gmt":"2022-08-19T08:11:26","slug":"concierto-secreto","status":"publish","type":"event","link":"https:\/\/www.eventi.es\/eventos\/event\/concierto-secreto\/","title":{"rendered":"ConCierto Secreto"},"content":{"rendered":"\n<figure class=\"wp-block-pullquote has-border-color has-white-border-color has-white-color has-vivid-green-cyan-background-color has-text-color has-background has-small-font-size\" style=\"border-radius:45px;border-style:dotted\"><blockquote><p><strong>\u00bfDe qu\u00e9 va esto?<\/strong><\/p><\/blockquote><\/figure>\n\n\n\n<p>El proyecto consiste en organizar peque\u00f1os conciertos en entornos naturales de especial belleza o en localizaciones peculiares (una galer\u00eda de arte, una nave industrial\u2026).<br>Para el nombre jugamos con las palabras ConCierto Secreto<\/p>\n\n\n\n<figure class=\"wp-block-pullquote has-white-color has-vivid-cyan-blue-background-color has-text-color has-background has-small-font-size\" style=\"border-radius:48px;border-style:dotted\"><blockquote><p><strong>Vale pero, \u00bfpara qu\u00e9?<\/strong><\/p><\/blockquote><\/figure>\n\n\n\n<p>Con ello pretendemos llevar a cabo los siguientes objetivos:<\/p>\n\n\n\n<ol class=\"wp-block-list\"><li><strong>Experimento social. <\/strong>Nos permitir\u00e1 saber c\u00f3mo y cu\u00e1nto se valora la cultura y el trabajo de los dem\u00e1s.<\/li><li><strong>Innovar.<\/strong> Se trata de un formato de concierto fresco, novedoso y sorprendente.<\/li><li><strong>Promoci\u00f3n.<\/strong> Ideal para dar a conocer y promocionar rincones tur\u00edsticos poco conocidos o de especial singularidad de una localidad. De llevarse a cabo en una localizaci\u00f3n tipo sede industrial de una empresa, es una original acci\u00f3n publicitaria.<\/li><li>Dar a conocer a <strong>talentos emergentes<\/strong>, descubriendo y promocionando artistas noveles o poco reconocidos.<\/li><\/ol>\n\n\n\n<figure class=\"wp-block-pullquote has-border-color has-white-border-color has-white-color has-black-background-color has-text-color has-background has-small-font-size\" style=\"border-radius:45px;border-style:dashed\"><blockquote><p><strong>\u00bfCu\u00e1l es el secreto?<\/strong><\/p><\/blockquote><\/figure>\n\n\n\n<p>La ubicaci\u00f3n y el grupo o artista se mantienen en secreto hasta 2 o 3 d\u00edas antes del concierto.<br>Al final se difundir\u00e1n im\u00e1genes y v\u00eddeos del concierto en redes sociales.<\/p>\n\n\n\n<figure class=\"wp-block-pullquote has-white-color has-pale-pink-background-color has-text-color has-background has-small-font-size\" style=\"border-radius:43px;border-style:dashed\"><blockquote><p><strong>Vamos al tomate: \u00bfcu\u00e1nto cuesta?<\/strong><\/p><\/blockquote><\/figure>\n\n\n\n<p>La asistencia es libre y gratuita. <strong>Ni los asistentes ni el ayuntamiento deben pagar nada por anticipado<\/strong>. En funci\u00f3n del resultado del concierto, decidir\u00e1n cu\u00e1nto creen que vale para ellos ese evento, teniendo en cuenta la ubicaci\u00f3n, la decoraci\u00f3n o iluminaci\u00f3n, y la calidad del grupo o artista. En funci\u00f3n de esa valoraci\u00f3n, cada cual aportar\u00e1 lo que crea conveniente, en una urna depositada al efecto.<\/p>\n","protected":false},"excerpt":{"rendered":"<p>Descubre rincones de especial belleza y disfruta en ellos de un concierto \u00edntimo en directo.<br \/>\nVive una experiencia \u00fanica e irrepetible y decide si quieres pagar algo por ella y cuanto.<\/p>\n","protected":false},"author":1,"featured_media":4792,"comment_status":"open","ping_status":"closed","template":"","meta":{"_themeisle_gutenberg_block_has_review":false,"footnotes":""},"eventcat":[108,110,50],"organizer":[152],"event_tags":[449,448],"location":[],"class_list":["post-4790","event","type-event","status-publish","has-post-thumbnail","hentry","eventcat-concierto","eventcat-ocio-nocturno","eventcat-turismo","organizer-eventi","event_tags-concierto-en-la-naturaleza","event_tags-concierto-secreto"],"_links":{"self":[{"href":"https:\/\/www.eventi.es\/eventos\/wp-json\/wp\/v2\/event\/4790","targetHints":{"allow":["GET"]}}],"collection":[{"href":"https:\/\/www.eventi.es\/eventos\/wp-json\/wp\/v2\/event"}],"about":[{"href":"https:\/\/www.eventi.es\/eventos\/wp-json\/wp\/v2\/types\/event"}],"author":[{"embeddable":true,"href":"https:\/\/www.eventi.es\/eventos\/wp-json\/wp\/v2\/users\/1"}],"replies":[{"embeddable":true,"href":"https:\/\/www.eventi.es\/eventos\/wp-json\/wp\/v2\/comments?post=4790"}],"version-history":[{"count":6,"href":"https:\/\/www.eventi.es\/eventos\/wp-json\/wp\/v2\/event\/4790\/revisions"}],"predecessor-version":[{"id":4887,"href":"https:\/\/www.eventi.es\/eventos\/wp-json\/wp\/v2\/event\/4790\/revisions\/4887"}],"wp:featuredmedia":[{"embeddable":true,"href":"https:\/\/www.eventi.es\/eventos\/wp-json\/wp\/v2\/media\/4792"}],"wp:attachment":[{"href":"https:\/\/www.eventi.es\/eventos\/wp-json\/wp\/v2\/media?parent=4790"}],"wp:term":[{"taxonomy":"eventcat","embeddable":true,"href":"https:\/\/www.eventi.es\/eventos\/wp-json\/wp\/v2\/eventcat?post=4790"},{"taxonomy":"organizer","embeddable":true,"href":"https:\/\/www.eventi.es\/eventos\/wp-json\/wp\/v2\/organizer?post=4790"},{"taxonomy":"event_tags","embeddable":true,"href":"https:\/\/www.eventi.es\/eventos\/wp-json\/wp\/v2\/event_tags?post=4790"},{"taxonomy":"location","embeddable":true,"href":"https:\/\/www.eventi.es\/eventos\/wp-json\/wp\/v2\/location?post=4790"}],"curies":[{"name":"wp","href":"https:\/\/api.w.org\/{rel}","templated":true}]}}

<figure class="wp-block-pullquote has-border-color has-white-border-color has-white-color has-vivid-green-cyan-background-color has-text-color has-background has-small-font-size" style="border-radius:45px;border-style:dotted"><blockquote><p><strong>¿De qué va esto?</strong></p></blockquote></figure>



<p>El proyecto consiste en organizar pequeños conciertos en entornos naturales de especial belleza o en localizaciones peculiares (una galería de arte, una nave industrial…).<br>Para el nombre jugamos con las palabras ConCierto Secreto</p>



<figure class="wp-block-pullquote has-white-color has-vivid-cyan-blue-background-color has-text-color has-background has-small-font-size" style="border-radius:48px;border-style:dotted"><blockquote><p><strong>Vale pero, ¿para qué?</strong></p></blockquote></figure>



<p>Con ello pretendemos llevar a cabo los siguientes objetivos:</p>



<ol class="wp-block-list"><li><strong>Experimento social. </strong>Nos permitirá saber cómo y cuánto se valora la cultura y el trabajo de los demás.</li><li><strong>Innovar.</strong> Se trata de un formato de concierto fresco, novedoso y sorprendente.</li><li><strong>Promoción.</strong> Ideal para dar a conocer y promocionar rincones turísticos poco conocidos o de especial singularidad de una localidad. De llevarse a cabo en una localización tipo sede industrial de una empresa, es una original acción publicitaria.</li><li>Dar a conocer a <strong>talentos emergentes</strong>, descubriendo y promocionando artistas noveles o poco reconocidos.</li></ol>



<figure class="wp-block-pullquote has-border-color has-white-border-color has-white-color has-black-background-color has-text-color has-background has-small-font-size" style="border-radius:45px;border-style:dashed"><blockquote><p><strong>¿Cuál es el secreto?</strong></p></blockquote></figure>



<p>La ubicación y el grupo o artista se mantienen en secreto hasta 2 o 3 días antes del concierto.<br>Al final se difundirán imágenes y vídeos del concierto en redes sociales.</p>



<figure class="wp-block-pullquote has-white-color has-pale-pink-background-color has-text-color has-background has-small-font-size" style="border-radius:43px;border-style:dashed"><blockquote><p><strong>Vamos al tomate: ¿cuánto cuesta?</strong></p></blockquote></figure>



<p>La asistencia es libre y gratuita. <strong>Ni los asistentes ni el ayuntamiento deben pagar nada por anticipado</strong>. En función del resultado del concierto, decidirán cuánto creen que vale para ellos ese evento, teniendo en cuenta la ubicación, la decoración o iluminación, y la calidad del grupo o artista. En función de esa valoración, cada cual aportará lo que crea conveniente, en una urna depositada al efecto.</p>

<p>Descubre rincones de especial belleza y disfruta en ellos de un concierto íntimo en directo.<br />
Vive una experiencia única e irrepetible y decide si quieres pagar algo por ella y cuanto.</p>
