{"id":5067,"date":"2023-05-08T16:18:31","date_gmt":"2023-05-08T16:18:31","guid":{"rendered":"https:\/\/www.eventi.es\/eventos\/?post_type=event&#038;p=5067"},"modified":"2023-10-27T09:10:43","modified_gmt":"2023-10-27T09:10:43","slug":"mundo-otaku","status":"publish","type":"event","link":"https:\/\/www.eventi.es\/eventos\/event\/mundo-otaku\/","title":{"rendered":"Mundo Otaku"},"content":{"rendered":"\n<h5 class=\"wp-block-heading has-text-align-right has-luminous-vivid-orange-color has-text-color\">Nar\u00f3n, 7 y 8 de octubre de 2023<\/h5>\n\n\n\n<h2 class=\"wp-block-heading has-luminous-vivid-amber-to-luminous-vivid-orange-gradient-background has-background has-medium-font-size\">\u00bfQu\u00e9 es?<\/h2>\n\n\n\n<p><strong>MUNDO OTAKU<\/strong>  <\/p>\n\n\n\n<p>Mundo Otaku surge de la necesidad de ofrecer una alternativa de ocio en la comarca de Ferrol, m\u00e1s concretamente en Nar\u00f3n. Se trata de una feria dirigida fundamentalmente a los amantes de la cultura japonesa y coreana. En ella, tambi\u00e9n habr\u00e1 espacio para frikis en general, que disfruten del manga, anime, cosplay, gaming y dem\u00e1s temas relacionados.<br>En resumen, nuestro objetivo es crear un espacio que re\u00fana a este perfil de p\u00fablico, promoviendo un crecimiento de la comunidad otaku y consolidarnos como feria de referencia a nivel comarcal.<\/p>\n\n\n\n<p>Las instalaciones, ubicadas en Nar\u00f3n, en la comarca de Ferrol, se dividir\u00e1n en diferentes zonas, generando actividad continua durante todo el evento, ofreciendo talleres, concursos, actuaciones, entretenimiento en general, as\u00ed como todos los servicios necesarios (zona gastron\u00f3mica, zona de descanso, aseos&#8230;) para no tener la necesidad de abandonar el recinto en toda la jornada.<\/p>\n\n\n\n<h2 class=\"wp-block-heading animated fadeInUp has-luminous-vivid-amber-to-luminous-vivid-orange-gradient-background has-background has-medium-font-size\">\u00bfC\u00f3mo participar?<\/h2>\n\n\n\n<h4 class=\"wp-block-heading has-vivid-red-color has-text-color\">Como expositor profesional:<\/h4>\n\n\n\n<p>Esto es lo que le ofrecemos a cada Expositor Profesional:<\/p>\n\n\n\n<pre class=\"wp-block-code\"><code>- Superficie comercial de 3 x 3 m\n- Toma de corriente b\u00e1sica*\n- 2 mesas de 2 m por 0,90 m\n- 2 sillas\n- 2 acreditaciones de acceso<\/code><\/pre>\n\n\n\n<p>*Sujeta a disponibilidad.<\/p>\n\n\n\n<p>Para solicitar tu participaci\u00f3n como expositor profesional, solic\u00edtalo <a href=\"https:\/\/mundootaku.es\/solicitud-como-expositor-profesional\/\" target=\"_blank\" rel=\"noreferrer noopener\">AQU\u00cd<\/a>.<\/p>\n\n\n\n<p class=\"has-vivid-cyan-blue-color has-white-background-color has-text-color has-background\" style=\"font-size:17px\"><strong>Si quieres, adem\u00e1s de como expositor profesional, tambi\u00e9n puedes participar como patrocinador o colaborador, pagando un suplemento y disfrutando de m\u00e1s ventajas.<\/strong><strong> <\/strong><\/p>\n\n\n\n<p class=\"has-vivid-red-color has-luminous-vivid-amber-background-color has-text-color has-background\" style=\"font-style:normal;font-weight:700\">Los patrocinadores y los colaboradores de esta edici\u00f3n tendr\u00e1n prioridad en las futuras ediciones.<\/p>\n\n\n\n<h4 class=\"wp-block-heading has-vivid-red-color has-text-color\">Como artista no profesional:<\/h4>\n\n\n\n<p>os expositores que participen como ARTISTAS podr\u00e1n hacerlo DE FORMA GRATUITA.<\/p>\n\n\n\n<p>Esto es lo que le ofrecemos a cada ARTISTA expositor:<\/p>\n\n\n\n<pre class=\"wp-block-code\"><code>- Superficie comercial de 3 x 2 m\n- Toma de corriente b\u00e1sica*\n- 1 mesa de 2 m por 0,90 m\n- 2 sillas<\/code><\/pre>\n\n\n\n<p>*Previa solicitud y sujeta a disponibilidad<\/p>\n\n\n\n<div class=\"wp-block-buttons is-layout-flex wp-block-buttons-is-layout-flex\">\n<div class=\"wp-block-button has-custom-font-size animated backInUp fast is-style-fill has-small-font-size\"><a class=\"wp-block-button__link has-pale-pink-background-color has-background wp-element-button\" href=\"https:\/\/www.mundootaku.es\" style=\"border-radius:6px\" target=\"_blank\" rel=\"noreferrer noopener\">IR A LA WEB DEL EVENTO<\/a><\/div>\n<\/div>\n","protected":false},"excerpt":{"rendered":"<p>Mundo Otaku surge de la necesidad de ofrecer una alternativa de ocio en la comarca de Ferrol, m\u00e1s concretamente en Nar\u00f3n. Se trata de una feria dirigida fundamentalmente a los amantes de la cultura japonesa y coreana. En ella, tambi\u00e9n habr\u00e1 espacio para frikis en general, que disfruten del manga, anime, cosplay, gaming y dem\u00e1s temas relacionados.<\/p>\n","protected":false},"author":1,"featured_media":5237,"comment_status":"open","ping_status":"closed","template":"","meta":{"_themeisle_gutenberg_block_has_review":false,"footnotes":""},"eventcat":[109,106,113,111],"organizer":[152],"event_tags":[90,78,101,466,48,68,64,71,446,468,86,98],"location":[145],"class_list":["post-5067","event","type-event","status-publish","has-post-thumbnail","hentry","eventcat-cultura","eventcat-feria","eventcat-festival","eventcat-gastronomia","organizer-eventi","event_tags-arte","event_tags-conferencias","event_tags-cultura","event_tags-cultura-naron","event_tags-eventos","event_tags-ferias","event_tags-festivales","event_tags-musica","event_tags-naron","event_tags-otaku","event_tags-tecnologia","event_tags-tendencias","location-naron"],"_links":{"self":[{"href":"https:\/\/www.eventi.es\/eventos\/wp-json\/wp\/v2\/event\/5067","targetHints":{"allow":["GET"]}}],"collection":[{"href":"https:\/\/www.eventi.es\/eventos\/wp-json\/wp\/v2\/event"}],"about":[{"href":"https:\/\/www.eventi.es\/eventos\/wp-json\/wp\/v2\/types\/event"}],"author":[{"embeddable":true,"href":"https:\/\/www.eventi.es\/eventos\/wp-json\/wp\/v2\/users\/1"}],"replies":[{"embeddable":true,"href":"https:\/\/www.eventi.es\/eventos\/wp-json\/wp\/v2\/comments?post=5067"}],"version-history":[{"count":9,"href":"https:\/\/www.eventi.es\/eventos\/wp-json\/wp\/v2\/event\/5067\/revisions"}],"predecessor-version":[{"id":5109,"href":"https:\/\/www.eventi.es\/eventos\/wp-json\/wp\/v2\/event\/5067\/revisions\/5109"}],"wp:featuredmedia":[{"embeddable":true,"href":"https:\/\/www.eventi.es\/eventos\/wp-json\/wp\/v2\/media\/5237"}],"wp:attachment":[{"href":"https:\/\/www.eventi.es\/eventos\/wp-json\/wp\/v2\/media?parent=5067"}],"wp:term":[{"taxonomy":"eventcat","embeddable":true,"href":"https:\/\/www.eventi.es\/eventos\/wp-json\/wp\/v2\/eventcat?post=5067"},{"taxonomy":"organizer","embeddable":true,"href":"https:\/\/www.eventi.es\/eventos\/wp-json\/wp\/v2\/organizer?post=5067"},{"taxonomy":"event_tags","embeddable":true,"href":"https:\/\/www.eventi.es\/eventos\/wp-json\/wp\/v2\/event_tags?post=5067"},{"taxonomy":"location","embeddable":true,"href":"https:\/\/www.eventi.es\/eventos\/wp-json\/wp\/v2\/location?post=5067"}],"curies":[{"name":"wp","href":"https:\/\/api.w.org\/{rel}","templated":true}]}}

<h5 class="wp-block-heading has-text-align-right has-luminous-vivid-orange-color has-text-color">Narón, 7 y 8 de octubre de 2023</h5>



<h2 class="wp-block-heading has-luminous-vivid-amber-to-luminous-vivid-orange-gradient-background has-background has-medium-font-size">¿Qué es?</h2>



<p><strong>MUNDO OTAKU</strong>  </p>



<p>Mundo Otaku surge de la necesidad de ofrecer una alternativa de ocio en la comarca de Ferrol, más concretamente en Narón. Se trata de una feria dirigida fundamentalmente a los amantes de la cultura japonesa y coreana. En ella, también habrá espacio para frikis en general, que disfruten del manga, anime, cosplay, gaming y demás temas relacionados.<br>En resumen, nuestro objetivo es crear un espacio que reúna a este perfil de público, promoviendo un crecimiento de la comunidad otaku y consolidarnos como feria de referencia a nivel comarcal.</p>



<p>Las instalaciones, ubicadas en Narón, en la comarca de Ferrol, se dividirán en diferentes zonas, generando actividad continua durante todo el evento, ofreciendo talleres, concursos, actuaciones, entretenimiento en general, así como todos los servicios necesarios (zona gastronómica, zona de descanso, aseos&#8230;) para no tener la necesidad de abandonar el recinto en toda la jornada.</p>



<h2 class="wp-block-heading animated fadeInUp has-luminous-vivid-amber-to-luminous-vivid-orange-gradient-background has-background has-medium-font-size">¿Cómo participar?</h2>



<h4 class="wp-block-heading has-vivid-red-color has-text-color">Como expositor profesional:</h4>



<p>Esto es lo que le ofrecemos a cada Expositor Profesional:</p>



<pre class="wp-block-code"><code>- Superficie comercial de 3 x 3 m
- Toma de corriente básica*
- 2 mesas de 2 m por 0,90 m
- 2 sillas
- 2 acreditaciones de acceso</code></pre>



<p>*Sujeta a disponibilidad.</p>



<p>Para solicitar tu participación como expositor profesional, solicítalo <a href="https://mundootaku.es/solicitud-como-expositor-profesional/" target="_blank" rel="noreferrer noopener">AQUÍ</a>.</p>



<p class="has-vivid-cyan-blue-color has-white-background-color has-text-color has-background" style="font-size:17px"><strong>Si quieres, además de como expositor profesional, también puedes participar como patrocinador o colaborador, pagando un suplemento y disfrutando de más ventajas.</strong><strong> </strong></p>



<p class="has-vivid-red-color has-luminous-vivid-amber-background-color has-text-color has-background" style="font-style:normal;font-weight:700">Los patrocinadores y los colaboradores de esta edición tendrán prioridad en las futuras ediciones.</p>



<h4 class="wp-block-heading has-vivid-red-color has-text-color">Como artista no profesional:</h4>



<p>os expositores que participen como ARTISTAS podrán hacerlo DE FORMA GRATUITA.</p>



<p>Esto es lo que le ofrecemos a cada ARTISTA expositor:</p>



<pre class="wp-block-code"><code>- Superficie comercial de 3 x 2 m
- Toma de corriente básica*
- 1 mesa de 2 m por 0,90 m
- 2 sillas</code></pre>



<p>*Previa solicitud y sujeta a disponibilidad</p>



<div class="wp-block-buttons is-layout-flex wp-block-buttons-is-layout-flex">
<div class="wp-block-button has-custom-font-size animated backInUp fast is-style-fill has-small-font-size"><a class="wp-block-button__link has-pale-pink-background-color has-background wp-element-button" href="https://www.mundootaku.es" style="border-radius:6px" target="_blank" rel="noreferrer noopener">IR A LA WEB DEL EVENTO</a></div>
</div>

<p>Mundo Otaku surge de la necesidad de ofrecer una alternativa de ocio en la comarca de Ferrol, más concretamente en Narón. Se trata de una feria dirigida fundamentalmente a los amantes de la cultura japonesa y coreana. En ella, también habrá espacio para frikis en general, que disfruten del manga, anime, cosplay, gaming y demás temas relacionados.</p>
