{"id":5251,"date":"2023-11-29T20:36:53","date_gmt":"2023-11-29T20:36:53","guid":{"rendered":"https:\/\/www.eventi.es\/eventos\/?post_type=event&#038;p=5251"},"modified":"2024-03-18T12:08:48","modified_gmt":"2024-03-18T12:08:48","slug":"concierto-de-brothers-in-band","status":"publish","type":"event","link":"https:\/\/www.eventi.es\/eventos\/event\/concierto-de-brothers-in-band\/","title":{"rendered":"Concierto de Brothers in Band"},"content":{"rendered":"\n<h2 class=\"wp-block-heading\">The Very Best of Dire Straits Show<\/h2>\n\n\n\n<p>THE VERY BEST OF DIRE STRAITS &#8211; BROTHERS IN BAND &#8211; EUROPEAN TOUR 2023\/ 2024<\/p>\n\n\n\n<p>Reconocidos como <strong>el mayor espect\u00e1culo internacional homenaje a dIRE sTRAITS<\/strong>, bROTHERS iN bAND recorre Europa visitando Holanda, Portugal, Alemania, Francia, Luxemburgo, Andorra y Espa\u00f1a con su renovado\u201dThe Very Best of dIRE sTRAITS\u201d, transport\u00e1ndonos en su particular m\u00e1quina del tiempo a trav\u00e9s de un seleccionado, cuidado y amplio repertorio que pertenece ya a la memoria colectiva de varias generaciones a nivel mundial.<\/p>\n\n\n\n<p>En \u00abThe Very Best of dIRE sTRAITS\u00bb, bROTHERS iN bAND repasa lo m\u00e1s destacado de la banda brit\u00e1nica en un show que revivir\u00e1 desde el sonido limpio y cristalino de Down to the Waterline, el antol\u00f3gico Money For Nothing, pasando por cl\u00e1sicos como Sultans of Swing, Telegraph Road, Romeo &amp; Juliet, Tunnel of Love o Lady Writer, y revisitando joyas como News, Why Worry, One World, It Never Rains y muchos otros m\u00e1s en un show de m\u00e1s de 2 horas.<\/p>\n\n\n\n<p class=\"has-text-align-center has-vivid-cyan-blue-color has-text-color has-medium-font-size\">Entradas a la venta en:<\/p>\n\n\n\n<div class=\"wp-block-columns is-layout-flex wp-container-core-columns-is-layout-1 wp-block-columns-is-layout-flex\">\n<div class=\"wp-block-column is-vertically-aligned-top animated backInRight faster has-white-background-color has-background is-layout-flow wp-block-column-is-layout-flow\">\n<h3 class=\"wp-block-heading has-text-align-center has-white-color has-vivid-red-background-color has-text-color has-background has-small-font-size\"><s>PROMO LANZAMIENTO 25 \u20ac<\/s><\/h3>\n\n\n\n<p class=\"has-text-align-center has-black-color has-text-color has-small-font-size\"><strong>Unidades limitadas.<\/strong> S\u00f3lo del 4 al 30 diciembre 2023 o fin paquete promocional<\/p>\n\n\n\n<div class=\"wp-block-buttons is-content-justification-center is-layout-flex wp-container-core-buttons-is-layout-1 wp-block-buttons-is-layout-flex\">\n<div class=\"wp-block-button has-custom-width wp-block-button__width-75 has-custom-font-size has-small-font-size\"><a class=\"wp-block-button__link has-white-color has-black-background-color has-text-color has-background has-text-align-center wp-element-button\" style=\"border-radius:10px\"><strong>AGOTADA<\/strong><\/a><\/div>\n<\/div>\n\n\n\n<div style=\"height:20px\" aria-hidden=\"true\" class=\"wp-block-spacer\"><\/div>\n<\/div>\n\n\n\n<div class=\"wp-block-column animated bounceInRight fast has-white-background-color has-background is-layout-flow wp-block-column-is-layout-flow\">\n<h3 class=\"wp-block-heading has-text-align-center has-white-color has-vivid-cyan-blue-background-color has-text-color has-background has-small-font-size\"><s>VENTA ANTICIPADA 30 \u20ac<\/s><\/h3>\n\n\n\n<p class=\"has-text-align-center has-black-color has-text-color has-small-font-size\">Del 31 de diciembre 2023 al 15 de marzo 2024<\/p>\n\n\n\n<div class=\"wp-block-buttons is-content-justification-center is-layout-flex wp-container-core-buttons-is-layout-2 wp-block-buttons-is-layout-flex\">\n<div class=\"wp-block-button has-custom-width wp-block-button__width-75 has-custom-font-size has-small-font-size\"><a class=\"wp-block-button__link has-white-color has-vivid-cyan-blue-background-color has-text-color has-background has-text-align-center wp-element-button\" style=\"border-radius:10px\">AGOTADA<\/a><\/div>\n<\/div>\n\n\n\n<div style=\"height:20px\" aria-hidden=\"true\" class=\"wp-block-spacer\"><\/div>\n<\/div>\n\n\n\n<div class=\"wp-block-column animated bounceInRight has-white-color has-white-background-color has-text-color has-background is-layout-flow wp-block-column-is-layout-flow\">\n<h2 class=\"wp-block-heading has-text-align-center has-luminous-vivid-orange-background-color has-background has-small-font-size\">VENTA FINAL 32 \u20ac<\/h2>\n\n\n\n<p class=\"has-text-align-center has-black-color has-text-color has-small-font-size\">A partir del 16 de marzo de 2024<br><\/p>\n\n\n\n<div class=\"wp-block-buttons is-content-justification-center is-layout-flex wp-container-core-buttons-is-layout-3 wp-block-buttons-is-layout-flex\">\n<div class=\"wp-block-button has-custom-width wp-block-button__width-75 has-custom-font-size has-small-font-size\"><a class=\"wp-block-button__link has-white-color has-luminous-vivid-orange-background-color has-text-color has-background wp-element-button\" href=\"https:\/\/www.padroadodecultura.es\/es\/compra_listado?nid=164212&amp;id_evento_gescul=1038\" style=\"border-radius:10px\" target=\"_blank\" rel=\"noreferrer noopener\">COMPRAR ENTRADAS<\/a><\/div>\n<\/div>\n\n\n\n<div style=\"height:20px\" aria-hidden=\"true\" class=\"wp-block-spacer\"><\/div>\n<\/div>\n<\/div>\n","protected":false},"excerpt":{"rendered":"<p>HE VERY BEST OF DIRE STRAITS &#8211; BROTHERS IN BAND &#8211; EUROPEAN TOUR 2023\/ 2024<\/p>\n<p>Reconocidos como el mayor espect\u00e1culo internacional homenaje a dIRE sTRAITS, bROTHERS iN bAND recorre Europa visitando Holanda, Portugal, Alemania, Francia, Luxemburgo, Andorra y Espa\u00f1a con su renovado\u201dThe Very Best of dIRE sTRAITS\u201d, transport\u00e1ndonos en su particular m\u00e1quina del tiempo a trav\u00e9s de un seleccionado, cuidado y amplio repertorio que pertenece ya a la memoria colectiva de varias generaciones a nivel mundial.<\/p>\n","protected":false},"author":1,"featured_media":5255,"comment_status":"open","ping_status":"closed","template":"","meta":{"_themeisle_gutenberg_block_has_review":false,"footnotes":""},"eventcat":[108,109],"organizer":[152],"event_tags":[433,437,463,466,434,464,436,446,465,435],"location":[438],"class_list":["post-5251","event","type-event","status-publish","has-post-thumbnail","hentry","eventcat-concierto","eventcat-cultura","organizer-eventi","event_tags-brothers-in-band","event_tags-brothers-in-band-concierto-naron","event_tags-conciertos-en-naron","event_tags-cultura-naron","event_tags-dire-straits","event_tags-eventi","event_tags-experiencia-dire-straits-dire-straits-naron","event_tags-naron","event_tags-pazo-da-cultura","event_tags-tributo-dire-straits","location-pazo-da-cultura-de-naron"],"_links":{"self":[{"href":"https:\/\/www.eventi.es\/eventos\/wp-json\/wp\/v2\/event\/5251","targetHints":{"allow":["GET"]}}],"collection":[{"href":"https:\/\/www.eventi.es\/eventos\/wp-json\/wp\/v2\/event"}],"about":[{"href":"https:\/\/www.eventi.es\/eventos\/wp-json\/wp\/v2\/types\/event"}],"author":[{"embeddable":true,"href":"https:\/\/www.eventi.es\/eventos\/wp-json\/wp\/v2\/users\/1"}],"replies":[{"embeddable":true,"href":"https:\/\/www.eventi.es\/eventos\/wp-json\/wp\/v2\/comments?post=5251"}],"version-history":[{"count":17,"href":"https:\/\/www.eventi.es\/eventos\/wp-json\/wp\/v2\/event\/5251\/revisions"}],"predecessor-version":[{"id":5306,"href":"https:\/\/www.eventi.es\/eventos\/wp-json\/wp\/v2\/event\/5251\/revisions\/5306"}],"wp:featuredmedia":[{"embeddable":true,"href":"https:\/\/www.eventi.es\/eventos\/wp-json\/wp\/v2\/media\/5255"}],"wp:attachment":[{"href":"https:\/\/www.eventi.es\/eventos\/wp-json\/wp\/v2\/media?parent=5251"}],"wp:term":[{"taxonomy":"eventcat","embeddable":true,"href":"https:\/\/www.eventi.es\/eventos\/wp-json\/wp\/v2\/eventcat?post=5251"},{"taxonomy":"organizer","embeddable":true,"href":"https:\/\/www.eventi.es\/eventos\/wp-json\/wp\/v2\/organizer?post=5251"},{"taxonomy":"event_tags","embeddable":true,"href":"https:\/\/www.eventi.es\/eventos\/wp-json\/wp\/v2\/event_tags?post=5251"},{"taxonomy":"location","embeddable":true,"href":"https:\/\/www.eventi.es\/eventos\/wp-json\/wp\/v2\/location?post=5251"}],"curies":[{"name":"wp","href":"https:\/\/api.w.org\/{rel}","templated":true}]}}

<h2 class="wp-block-heading">The Very Best of Dire Straits Show</h2>



<p>THE VERY BEST OF DIRE STRAITS &#8211; BROTHERS IN BAND &#8211; EUROPEAN TOUR 2023/ 2024</p>



<p>Reconocidos como <strong>el mayor espectáculo internacional homenaje a dIRE sTRAITS</strong>, bROTHERS iN bAND recorre Europa visitando Holanda, Portugal, Alemania, Francia, Luxemburgo, Andorra y España con su renovado”The Very Best of dIRE sTRAITS”, transportándonos en su particular máquina del tiempo a través de un seleccionado, cuidado y amplio repertorio que pertenece ya a la memoria colectiva de varias generaciones a nivel mundial.</p>



<p>En «The Very Best of dIRE sTRAITS», bROTHERS iN bAND repasa lo más destacado de la banda británica en un show que revivirá desde el sonido limpio y cristalino de Down to the Waterline, el antológico Money For Nothing, pasando por clásicos como Sultans of Swing, Telegraph Road, Romeo &amp; Juliet, Tunnel of Love o Lady Writer, y revisitando joyas como News, Why Worry, One World, It Never Rains y muchos otros más en un show de más de 2 horas.</p>



<p class="has-text-align-center has-vivid-cyan-blue-color has-text-color has-medium-font-size">Entradas a la venta en:</p>



<div class="wp-block-columns is-layout-flex wp-container-core-columns-is-layout-1 wp-block-columns-is-layout-flex">
<div class="wp-block-column is-vertically-aligned-top animated backInRight faster has-white-background-color has-background is-layout-flow wp-block-column-is-layout-flow">
<h3 class="wp-block-heading has-text-align-center has-white-color has-vivid-red-background-color has-text-color has-background has-small-font-size"><s>PROMO LANZAMIENTO 25 €</s></h3>



<p class="has-text-align-center has-black-color has-text-color has-small-font-size"><strong>Unidades limitadas.</strong> Sólo del 4 al 30 diciembre 2023 o fin paquete promocional</p>



<div class="wp-block-buttons is-content-justification-center is-layout-flex wp-container-core-buttons-is-layout-1 wp-block-buttons-is-layout-flex">
<div class="wp-block-button has-custom-width wp-block-button__width-75 has-custom-font-size has-small-font-size"><a class="wp-block-button__link has-white-color has-black-background-color has-text-color has-background has-text-align-center wp-element-button" style="border-radius:10px"><strong>AGOTADA</strong></a></div>
</div>



<div style="height:20px" aria-hidden="true" class="wp-block-spacer"></div>
</div>



<div class="wp-block-column animated bounceInRight fast has-white-background-color has-background is-layout-flow wp-block-column-is-layout-flow">
<h3 class="wp-block-heading has-text-align-center has-white-color has-vivid-cyan-blue-background-color has-text-color has-background has-small-font-size"><s>VENTA ANTICIPADA 30 €</s></h3>



<p class="has-text-align-center has-black-color has-text-color has-small-font-size">Del 31 de diciembre 2023 al 15 de marzo 2024</p>



<div class="wp-block-buttons is-content-justification-center is-layout-flex wp-container-core-buttons-is-layout-2 wp-block-buttons-is-layout-flex">
<div class="wp-block-button has-custom-width wp-block-button__width-75 has-custom-font-size has-small-font-size"><a class="wp-block-button__link has-white-color has-vivid-cyan-blue-background-color has-text-color has-background has-text-align-center wp-element-button" style="border-radius:10px">AGOTADA</a></div>
</div>



<div style="height:20px" aria-hidden="true" class="wp-block-spacer"></div>
</div>



<div class="wp-block-column animated bounceInRight has-white-color has-white-background-color has-text-color has-background is-layout-flow wp-block-column-is-layout-flow">
<h2 class="wp-block-heading has-text-align-center has-luminous-vivid-orange-background-color has-background has-small-font-size">VENTA FINAL 32 €</h2>



<p class="has-text-align-center has-black-color has-text-color has-small-font-size">A partir del 16 de marzo de 2024<br></p>



<div class="wp-block-buttons is-content-justification-center is-layout-flex wp-container-core-buttons-is-layout-3 wp-block-buttons-is-layout-flex">
<div class="wp-block-button has-custom-width wp-block-button__width-75 has-custom-font-size has-small-font-size"><a class="wp-block-button__link has-white-color has-luminous-vivid-orange-background-color has-text-color has-background wp-element-button" href="https://www.padroadodecultura.es/es/compra_listado?nid=164212&amp;id_evento_gescul=1038" style="border-radius:10px" target="_blank" rel="noreferrer noopener">COMPRAR ENTRADAS</a></div>
</div>



<div style="height:20px" aria-hidden="true" class="wp-block-spacer"></div>
</div>
</div>

<p>HE VERY BEST OF DIRE STRAITS &#8211; BROTHERS IN BAND &#8211; EUROPEAN TOUR 2023/ 2024</p>
<p>Reconocidos como el mayor espectáculo internacional homenaje a dIRE sTRAITS, bROTHERS iN bAND recorre Europa visitando Holanda, Portugal, Alemania, Francia, Luxemburgo, Andorra y España con su renovado”The Very Best of dIRE sTRAITS”, transportándonos en su particular máquina del tiempo a través de un seleccionado, cuidado y amplio repertorio que pertenece ya a la memoria colectiva de varias generaciones a nivel mundial.</p>
